{"id":243,"date":"2019-11-22T12:11:46","date_gmt":"2019-11-22T12:11:46","guid":{"rendered":"http:\/\/colibaverde.ro\/kucko\/?page_id=243"},"modified":"2019-11-22T12:15:44","modified_gmt":"2019-11-22T12:15:44","slug":"permakultura","status":"publish","type":"page","link":"https:\/\/colibaverde.ro\/kucko\/permakultura\/","title":{"rendered":"Permakult\u00fara"},"content":{"rendered":"<h2>Permakult\u00fara<\/h2>\n<p><img loading=\"lazy\" decoding=\"async\" src=\"http:\/\/colibaverde.ro\/kucko\/wp-content\/uploads\/sites\/2\/2019\/11\/perma_0-300x203.jpg\" alt=\"\" width=\"300\" height=\"203\" \/>A\u00a0<b>permakult\u00fara<\/b>\u00a0az emberi \u00e9l\u0151helyek \u00e9s\u00a0<a title=\"Mez\u0151gazdas\u00e1g\" href=\"https:\/\/hu.wikipedia.org\/wiki\/Mez%C5%91gazdas%C3%A1g\">mez\u0151gazdas\u00e1gi<\/a>\u00a0rendszerek olyan kialak\u00edt\u00e1sa, mely a term\u00e9szetben zajl\u00f3\u00a0<a title=\"\u00d6kol\u00f3gia\" href=\"https:\/\/hu.wikipedia.org\/wiki\/%C3%96kol%C3%B3gia\">\u00f6kol\u00f3giai<\/a>\u00a0folyamatokat ut\u00e1nozza, veszi mint\u00e1ul. A rendszer minden egyes elem\u00e9t annak sz\u00fcks\u00e9gletei, \u00e1ltala ny\u00fajtott hasznok, \u00e9s alapvet\u0151 tulajdons\u00e1gai \u00e1ltal \u00f6sszehangoltan illeszti az eg\u00e9szbe. A r\u00e9szek k\u00f6zti\u00a0<a title=\"Szinergia\" href=\"https:\/\/hu.wikipedia.org\/wiki\/Szinergia\">szinergia<\/a>\u00a0a hullad\u00e9k, az energia-, valamint az emberi munkaer\u0151 sz\u00fcks\u00e9glet minimaliz\u00e1l\u00e1s\u00e1val val\u00f3sul meg.<\/p>\n<p>Modernkori gyakorlati \u00fatt\u00f6r\u0151j\u00e9nek\u00a0<a title=\"Sepp Holzer (a lap nem l\u00e9tezik)\" href=\"https:\/\/hu.wikipedia.org\/w\/index.php?title=Sepp_Holzer&amp;action=edit&amp;redlink=1\">Sepp Holzer<\/a>\u00a0ausztriai gazd\u00e1lkod\u00f3t tartj\u00e1k, aki a saj\u00e1t gazdas\u00e1g\u00e1t az\u00a0<a title=\"1960-as \u00e9vek\" href=\"https:\/\/hu.wikipedia.org\/wiki\/1960-as_%C3%A9vek\">1960-as \u00e9vekben<\/a>\u00a0szervezte meg ezen elvek alapj\u00e1n. Az elm\u00e9leti alapokat pedig k\u00e9t ausztr\u00e1l,\u00a0<a title=\"Bill Mollison (a lap nem l\u00e9tezik)\" href=\"https:\/\/hu.wikipedia.org\/w\/index.php?title=Bill_Mollison&amp;action=edit&amp;redlink=1\">Bill Mollison<\/a>\u00a0\u00e9s\u00a0<a title=\"David Holmgren (a lap nem l\u00e9tezik)\" href=\"https:\/\/hu.wikipedia.org\/w\/index.php?title=David_Holmgren&amp;action=edit&amp;redlink=1\">David Holmgren<\/a>, valamint munkat\u00e1rsaik fektett\u00e9k le az\u00a0<a title=\"1970-es \u00e9vek\" href=\"https:\/\/hu.wikipedia.org\/wiki\/1970-es_%C3%A9vek\">1970-es \u00e9vek<\/a>\u00a0folyam\u00e1n egy sor publik\u00e1ci\u00f3jukban. A permakult\u00fara kifejez\u00e9s a\u00a0<i>&#8222;permanent agriculture&#8221;<\/i>, vagyis\u00a0<i>\u00e1lland\u00f3 mez\u0151gazdas\u00e1g<\/i>\u00a0szavakb\u00f3l sz\u00e1rmazik. A permakult\u00fara defin\u00edci\u00f3ja\u00a0<a title=\"Bill Mollison (a lap nem l\u00e9tezik)\" href=\"https:\/\/hu.wikipedia.org\/w\/index.php?title=Bill_Mollison&amp;action=edit&amp;redlink=1\">Bill Mollison<\/a>\u00a0szerint:<\/p>\n<table>\n<tbody>\n<tr>\n<td valign=\"bottom\">\u201e<\/td>\n<td><i>\u201eA permakult\u00fara olyan mez\u0151gazdas\u00e1gi termel\u0151 rendszerek tervez\u00e9se, \u00e9s m\u0171k\u00f6dtet\u00e9se, amelyek rendelkeznek a term\u00e9szetes \u00f6kosziszt\u00e9m\u00e1k v\u00e1ltozatoss\u00e1g\u00e1val, stabilit\u00e1s\u00e1val \u00e9s rugalmass\u00e1g\u00e1val. Az emberi k\u00f6z\u00f6ss\u00e9gek \u00e9s a term\u00e9szetes t\u00e1j olyan integr\u00e1ci\u00f3ja, mely lak\u00f3inak biztos\u00edtani tudja az \u00e9lelmet, energi\u00e1t, lak\u00e1st \u00e9s egy\u00e9b anyagi, \u00e9s nem anyagi sz\u00fcks\u00e9gleteit.\u201d<\/i><\/td>\n<td valign=\"top\">\u201d<\/td>\n<\/tr>\n<tr>\n<td colspan=\"3\" align=\"right\">\u00a0<\/td>\n<\/tr>\n<\/tbody>\n<\/table>\n<p>Az\u00a0<a title=\"1980-as \u00e9vek\" href=\"https:\/\/hu.wikipedia.org\/wiki\/1980-as_%C3%A9vek\">1980-as \u00e9vekben<\/a>\u00a0alakultak meg az els\u0151 permakult\u00far\u00e1s k\u00eds\u00e9rleti projektek, sz\u00f6vets\u00e9gek. Bebizonyosodott, hogy a permakult\u00fara elvei megval\u00f3s\u00edthat\u00f3ak a legk\u00fcl\u00f6nb\u00f6z\u0151bb f\u00f6ldrajzi, domborzati \u00e9s \u00e9ghajlati k\u00f6r\u00fclm\u00e9nyek k\u00f6z\u00f6tt. A permakult\u00fara vil\u00e1gmozgalomm\u00e1 v\u00e1lt, napjainkban k\u00fcl\u00f6nb\u00f6z\u0151 sz\u00f6vets\u00e9gek, \u00f6kofalvak alakultak vil\u00e1gszerte, \u00edgy Eur\u00f3p\u00e1ban is.\u00a0<a title=\"Magyarorsz\u00e1g\" href=\"https:\/\/hu.wikipedia.org\/wiki\/Magyarorsz%C3%A1g\">Magyarorsz\u00e1gi<\/a>\u00a0\u00f6kofalvak p\u00e9ld\u00e1ul:\u00a0<a title=\"Gy\u0171r\u0171f\u0171\" href=\"https:\/\/hu.wikipedia.org\/wiki\/Gy%C5%B1r%C5%B1f%C5%B1\">Gy\u0171r\u0171f\u0171<\/a>,\u00a0<a title=\"G\u00f6m\u00f6rsz\u0151l\u0151s\" href=\"https:\/\/hu.wikipedia.org\/wiki\/G%C3%B6m%C3%B6rsz%C5%91l%C5%91s\">G\u00f6m\u00f6rsz\u0151l\u0151s<\/a>,\u00a0<a title=\"Somogyv\u00e1mos\" href=\"https:\/\/hu.wikipedia.org\/wiki\/Somogyv%C3%A1mos\">Somogyv\u00e1mos<\/a>,\u00a0<a title=\"Visnyesz\u00e9plak (a lap nem l\u00e9tezik)\" href=\"https:\/\/hu.wikipedia.org\/w\/index.php?title=Visnyesz%C3%A9plak&amp;action=edit&amp;redlink=1\">Visnyesz\u00e9plak<\/a>,\u00a0<a title=\"Agosty\u00e1n\" href=\"https:\/\/hu.wikipedia.org\/wiki\/Agosty%C3%A1n\">Agosty\u00e1n<\/a>,\u00a0<a title=\"Magfalva (a lap nem l\u00e9tezik)\" href=\"https:\/\/hu.wikipedia.org\/w\/index.php?title=Magfalva&amp;action=edit&amp;redlink=1\">Magfalva<\/a>. Erd\u00e9lyben, ugyan \u00f6kofalvakr\u00f3l nem besz\u00e9lhet\u00fcnk egyel\u0151re de viszont egyre t\u00f6bb \u00f6nell\u00e1t\u00f3, k\u00f6rnyezetbar\u00e1t gazdas\u00e1gok alakulnak ki, mint p\u00e9ld\u00e1ul a mi kuck\u00f3nk is.<\/p>\n<p>\t\t\t\t\t\t\t\t\t\t\t<a href=\"http:\/\/colibaverde.ro\/kucko\/wp-content\/uploads\/sites\/2\/2019\/11\/coliba-verde.jpg\" data-elementor-open-lightbox=\"default\"><br \/>\n\t\t\t\t\t\t\t<img loading=\"lazy\" decoding=\"async\" width=\"768\" height=\"434\" src=\"http:\/\/colibaverde.ro\/kucko\/wp-content\/uploads\/sites\/2\/2019\/11\/coliba-verde-768x434.jpg\" alt=\"\" srcset=\"http:\/\/colibaverde.ro\/kucko\/wp-content\/uploads\/sites\/2\/2019\/11\/coliba-verde-768x434.jpg 768w, http:\/\/colibaverde.ro\/kucko\/wp-content\/uploads\/sites\/2\/2019\/11\/coliba-verde-300x169.jpg 300w, http:\/\/colibaverde.ro\/kucko\/wp-content\/uploads\/sites\/2\/2019\/11\/coliba-verde-640x361.jpg 640w, http:\/\/colibaverde.ro\/kucko\/wp-content\/uploads\/sites\/2\/2019\/11\/coliba-verde-800x452.jpg 800w, http:\/\/colibaverde.ro\/kucko\/wp-content\/uploads\/sites\/2\/2019\/11\/coliba-verde.jpg 960w\" sizes=\"auto, (max-width: 768px) 100vw, 768px\" \/>\t\t\t\t\t\t\t\t<\/a><\/p>\n<p>A permakult\u00far\u00e1s gondolkod\u00e1s a gazd\u00e1lkod\u00e1s valamennyi elem\u00e9t egys\u00e9ges\u00a0<a title=\"\u00d6kol\u00f3gia\" href=\"https:\/\/hu.wikipedia.org\/wiki\/%C3%96kol%C3%B3gia\">\u00f6kol\u00f3giai<\/a>\u00a0rendszerk\u00e9nt kezeli. A n\u00f6v\u00e9nyek, \u00e1llatok, \u00e9p\u00edtm\u00e9nyek, domborzat, t\u00e1j, \u00e9s v\u00edzrajzi adotts\u00e1gok szorosan \u00f6sszef\u00fcggnek egym\u00e1ssal \u00e9s k\u00f6lcs\u00f6n\u00f6sen el\u0151ny\u00f6s kapcsolath\u00e1l\u00f3zat alakul ki k\u00f6z\u00f6tt\u00fck. \u00cdgy az egyes elemek produktivit\u00e1sa, haszn\u00e1lhat\u00f3s\u00e1ga javul, a r\u00e1ford\u00edt\u00e1s pedig cs\u00f6kken. A permakult\u00fara c\u00e9lja, hogy az ember sz\u00e1m\u00e1ra hasznos fajokb\u00f3l hozzon l\u00e9tre\u00a0<a title=\"\u00d6kol\u00f3gia\" href=\"https:\/\/hu.wikipedia.org\/wiki\/%C3%96kol%C3%B3gia\">\u00f6kol\u00f3giai<\/a>\u00a0rendszereket, \u00e9s cs\u00f6kkentse az emberi sz\u00fcks\u00e9gletek megteremt\u00e9s\u00e9nek ipari h\u00e1tter\u00e9t, energiaig\u00e9ny\u00e9t, k\u00f6rnyezetrombol\u00f3 hat\u00e1sait.<\/p>\n<p><b>A permakult\u00fara h\u00e1rmas k\u00f6vetelm\u00e9nyrendszere:<\/b><\/p>\n<ul>\n<li>A F\u00f6ldi bioszf\u00e9ra v\u00e9delme<\/li>\n<li>Az emberek v\u00e9delme<\/li>\n<li>A javak igazs\u00e1gos eloszt\u00e1sa<\/li>\n<\/ul>\n<p><b>A David Holmgren \u00e1ltal megalkotott 12 f\u0151 alapelv:<\/b><\/p>\n<ol>\n<li>Figyeld meg \u00e9s v\u00e1lj cselekv\u0151 r\u00e9szes\u00e9v\u00e9 a term\u00e9szetnek<\/li>\n<li>Gy\u0171jtsd \u00f6ssze \u00e9s t\u00e1rold az energi\u00e1t<\/li>\n<li>\u00c9rj el hozamot<\/li>\n<li>Gyakorolj \u00f6nm\u00e9rs\u00e9kletet \u00e9s figyelj a visszajelz\u00e9sekre<\/li>\n<li>Haszn\u00e1ld \u00e9s \u00e9rt\u00e9keld a meg\u00fajul\u00f3 forr\u00e1sokat \u00e9s szolg\u00e1ltat\u00e1sokat<\/li>\n<li>Mindent hasznos\u00edts<\/li>\n<li>Tervezz mint\u00e1kt\u00f3l a r\u00e9szletekig<\/li>\n<li>Elk\u00fcl\u00f6n\u00edt\u00e9s helyett t\u00f6rekedj egys\u00e9gre<\/li>\n<li>Haszn\u00e1lj kisl\u00e9pt\u00e9k\u0171, lass\u00fa \u00e9s fokozatos megold\u00e1sokat<\/li>\n<li>Haszn\u00e1ld \u00e9s becs\u00fcld a sokf\u00e9les\u00e9get<\/li>\n<li>Becs\u00fcld meg a szeg\u00e9lyeket \u00e9s hasznos\u00edtsd a peremter\u00fcletek adta lehet\u0151s\u00e9geket<\/li>\n<li>Figyeld a v\u00e1ltoz\u00e1st \u00e9s haszn\u00e1ld ki kreat\u00edvan<\/li>\n<\/ol>\n<p><em>Forr\u00e1s : Wikip\u00e9dia<\/em><\/p>\n<!-- AddThis Advanced Settings generic via filter on the_content --><!-- AddThis Share Buttons generic via filter on the_content -->","protected":false},"excerpt":{"rendered":"<p>Permakult\u00fara A\u00a0permakult\u00fara\u00a0az emberi \u00e9l\u0151helyek \u00e9s\u00a0mez\u0151gazdas\u00e1gi\u00a0rendszerek olyan kialak\u00edt\u00e1sa, mely a term\u00e9szetben zajl\u00f3\u00a0\u00f6kol\u00f3giai\u00a0folyamatokat ut\u00e1nozza, veszi mint\u00e1ul. A rendszer minden egyes elem\u00e9t annak sz\u00fcks\u00e9gletei, \u00e1ltala ny\u00fajtott hasznok, \u00e9s alapvet\u0151 tulajdons\u00e1gai \u00e1ltal \u00f6sszehangoltan illeszti az eg\u00e9szbe. A r\u00e9szek k\u00f6zti\u00a0szinergia\u00a0a hullad\u00e9k, az energia-, valamint az emberi munkaer\u0151 sz\u00fcks\u00e9glet minimaliz\u00e1l\u00e1s\u00e1val val\u00f3sul meg. Modernkori gyakorlati \u00fatt\u00f6r\u0151j\u00e9nek\u00a0Sepp Holzer\u00a0ausztriai gazd\u00e1lkod\u00f3t tartj\u00e1k, aki a saj\u00e1t gazdas\u00e1g\u00e1t az\u00a01960-as \u00e9vekben\u00a0szervezte meg ezen<\/p>\n<p><a class=\"more-link\" href=\"https:\/\/colibaverde.ro\/kucko\/permakultura\/\">Read More<\/a><!-- AddThis Advanced Settings generic via filter on get_the_excerpt --><!-- AddThis Share Buttons generic via filter on get_the_excerpt --><\/p>\n","protected":false},"author":1,"featured_media":245,"parent":0,"menu_order":0,"comment_status":"closed","ping_status":"closed","template":"","meta":{"ngg_post_thumbnail":0,"footnotes":""},"class_list":["post-243","page","type-page","status-publish","has-post-thumbnail","hentry"],"jetpack_sharing_enabled":true,"_links":{"self":[{"href":"https:\/\/colibaverde.ro\/kucko\/wp-json\/wp\/v2\/pages\/243","targetHints":{"allow":["GET"]}}],"collection":[{"href":"https:\/\/colibaverde.ro\/kucko\/wp-json\/wp\/v2\/pages"}],"about":[{"href":"https:\/\/colibaverde.ro\/kucko\/wp-json\/wp\/v2\/types\/page"}],"author":[{"embeddable":true,"href":"https:\/\/colibaverde.ro\/kucko\/wp-json\/wp\/v2\/users\/1"}],"replies":[{"embeddable":true,"href":"https:\/\/colibaverde.ro\/kucko\/wp-json\/wp\/v2\/comments?post=243"}],"version-history":[{"count":4,"href":"https:\/\/colibaverde.ro\/kucko\/wp-json\/wp\/v2\/pages\/243\/revisions"}],"predecessor-version":[{"id":248,"href":"https:\/\/colibaverde.ro\/kucko\/wp-json\/wp\/v2\/pages\/243\/revisions\/248"}],"wp:featuredmedia":[{"embeddable":true,"href":"https:\/\/colibaverde.ro\/kucko\/wp-json\/wp\/v2\/media\/245"}],"wp:attachment":[{"href":"https:\/\/colibaverde.ro\/kucko\/wp-json\/wp\/v2\/media?parent=243"}],"curies":[{"name":"wp","href":"https:\/\/api.w.org\/{rel}","templated":true}]}}

Permakultúra

<h2>Permakultúra</h2>
<p><img loading="lazy" decoding="async" src="http://colibaverde.ro/kucko/wp-content/uploads/sites/2/2019/11/perma_0-300x203.jpg" alt="" width="300" height="203" />A <b>permakultúra</b> az emberi élőhelyek és <a title="Mezőgazdaság" href="https://hu.wikipedia.org/wiki/Mez%C5%91gazdas%C3%A1g">mezőgazdasági</a> rendszerek olyan kialakítása, mely a természetben zajló <a title="Ökológia" href="https://hu.wikipedia.org/wiki/%C3%96kol%C3%B3gia">ökológiai</a> folyamatokat utánozza, veszi mintául. A rendszer minden egyes elemét annak szükségletei, általa nyújtott hasznok, és alapvető tulajdonságai által összehangoltan illeszti az egészbe. A részek közti <a title="Szinergia" href="https://hu.wikipedia.org/wiki/Szinergia">szinergia</a> a hulladék, az energia-, valamint az emberi munkaerő szükséglet minimalizálásával valósul meg.</p>
<p>Modernkori gyakorlati úttörőjének <a title="Sepp Holzer (a lap nem létezik)" href="https://hu.wikipedia.org/w/index.php?title=Sepp_Holzer&amp;action=edit&amp;redlink=1">Sepp Holzer</a> ausztriai gazdálkodót tartják, aki a saját gazdaságát az <a title="1960-as évek" href="https://hu.wikipedia.org/wiki/1960-as_%C3%A9vek">1960-as években</a> szervezte meg ezen elvek alapján. Az elméleti alapokat pedig két ausztrál, <a title="Bill Mollison (a lap nem létezik)" href="https://hu.wikipedia.org/w/index.php?title=Bill_Mollison&amp;action=edit&amp;redlink=1">Bill Mollison</a> és <a title="David Holmgren (a lap nem létezik)" href="https://hu.wikipedia.org/w/index.php?title=David_Holmgren&amp;action=edit&amp;redlink=1">David Holmgren</a>, valamint munkatársaik fektették le az <a title="1970-es évek" href="https://hu.wikipedia.org/wiki/1970-es_%C3%A9vek">1970-es évek</a> folyamán egy sor publikációjukban. A permakultúra kifejezés a <i>&#8222;permanent agriculture&#8221;</i>, vagyis <i>állandó mezőgazdaság</i> szavakból származik. A permakultúra definíciója <a title="Bill Mollison (a lap nem létezik)" href="https://hu.wikipedia.org/w/index.php?title=Bill_Mollison&amp;action=edit&amp;redlink=1">Bill Mollison</a> szerint:</p>
<table>
<tbody>
<tr>
<td valign="bottom">„</td>
<td><i>„A permakultúra olyan mezőgazdasági termelő rendszerek tervezése, és működtetése, amelyek rendelkeznek a természetes ökoszisztémák változatosságával, stabilitásával és rugalmasságával. Az emberi közösségek és a természetes táj olyan integrációja, mely lakóinak biztosítani tudja az élelmet, energiát, lakást és egyéb anyagi, és nem anyagi szükségleteit.”</i></td>
<td valign="top">”</td>
</tr>
<tr>
<td colspan="3" align="right"> </td>
</tr>
</tbody>
</table>
<p>Az <a title="1980-as évek" href="https://hu.wikipedia.org/wiki/1980-as_%C3%A9vek">1980-as években</a> alakultak meg az első permakultúrás kísérleti projektek, szövetségek. Bebizonyosodott, hogy a permakultúra elvei megvalósíthatóak a legkülönbözőbb földrajzi, domborzati és éghajlati körülmények között. A permakultúra világmozgalommá vált, napjainkban különböző szövetségek, ökofalvak alakultak világszerte, így Európában is. <a title="Magyarország" href="https://hu.wikipedia.org/wiki/Magyarorsz%C3%A1g">Magyarországi</a> ökofalvak például: <a title="Gyűrűfű" href="https://hu.wikipedia.org/wiki/Gy%C5%B1r%C5%B1f%C5%B1">Gyűrűfű</a>, <a title="Gömörszőlős" href="https://hu.wikipedia.org/wiki/G%C3%B6m%C3%B6rsz%C5%91l%C5%91s">Gömörszőlős</a>, <a title="Somogyvámos" href="https://hu.wikipedia.org/wiki/Somogyv%C3%A1mos">Somogyvámos</a>, <a title="Visnyeszéplak (a lap nem létezik)" href="https://hu.wikipedia.org/w/index.php?title=Visnyesz%C3%A9plak&amp;action=edit&amp;redlink=1">Visnyeszéplak</a>, <a title="Agostyán" href="https://hu.wikipedia.org/wiki/Agosty%C3%A1n">Agostyán</a>, <a title="Magfalva (a lap nem létezik)" href="https://hu.wikipedia.org/w/index.php?title=Magfalva&amp;action=edit&amp;redlink=1">Magfalva</a>. Erdélyben, ugyan ökofalvakról nem beszélhetünk egyelőre de viszont egyre több önellátó, környezetbarát gazdaságok alakulnak ki, mint például a mi kuckónk is.</p>
<p>											<a href="http://colibaverde.ro/kucko/wp-content/uploads/sites/2/2019/11/coliba-verde.jpg" data-elementor-open-lightbox="default"><br />
							<img loading="lazy" decoding="async" width="768" height="434" src="http://colibaverde.ro/kucko/wp-content/uploads/sites/2/2019/11/coliba-verde-768x434.jpg" alt="" srcset="http://colibaverde.ro/kucko/wp-content/uploads/sites/2/2019/11/coliba-verde-768x434.jpg 768w, http://colibaverde.ro/kucko/wp-content/uploads/sites/2/2019/11/coliba-verde-300x169.jpg 300w, http://colibaverde.ro/kucko/wp-content/uploads/sites/2/2019/11/coliba-verde-640x361.jpg 640w, http://colibaverde.ro/kucko/wp-content/uploads/sites/2/2019/11/coliba-verde-800x452.jpg 800w, http://colibaverde.ro/kucko/wp-content/uploads/sites/2/2019/11/coliba-verde.jpg 960w" sizes="auto, (max-width: 768px) 100vw, 768px" />								</a></p>
<p>A permakultúrás gondolkodás a gazdálkodás valamennyi elemét egységes <a title="Ökológia" href="https://hu.wikipedia.org/wiki/%C3%96kol%C3%B3gia">ökológiai</a> rendszerként kezeli. A növények, állatok, építmények, domborzat, táj, és vízrajzi adottságok szorosan összefüggnek egymással és kölcsönösen előnyös kapcsolathálózat alakul ki közöttük. Így az egyes elemek produktivitása, használhatósága javul, a ráfordítás pedig csökken. A permakultúra célja, hogy az ember számára hasznos fajokból hozzon létre <a title="Ökológia" href="https://hu.wikipedia.org/wiki/%C3%96kol%C3%B3gia">ökológiai</a> rendszereket, és csökkentse az emberi szükségletek megteremtésének ipari hátterét, energiaigényét, környezetromboló hatásait.</p>
<p><b>A permakultúra hármas követelményrendszere:</b></p>
<ul>
<li>A Földi bioszféra védelme</li>
<li>Az emberek védelme</li>
<li>A javak igazságos elosztása</li>
</ul>
<p><b>A David Holmgren által megalkotott 12 fő alapelv:</b></p>
<ol>
<li>Figyeld meg és válj cselekvő részesévé a természetnek</li>
<li>Gyűjtsd össze és tárold az energiát</li>
<li>Érj el hozamot</li>
<li>Gyakorolj önmérsékletet és figyelj a visszajelzésekre</li>
<li>Használd és értékeld a megújuló forrásokat és szolgáltatásokat</li>
<li>Mindent hasznosíts</li>
<li>Tervezz mintáktól a részletekig</li>
<li>Elkülönítés helyett törekedj egységre</li>
<li>Használj kisléptékű, lassú és fokozatos megoldásokat</li>
<li>Használd és becsüld a sokféleséget</li>
<li>Becsüld meg a szegélyeket és hasznosítsd a peremterületek adta lehetőségeket</li>
<li>Figyeld a változást és használd ki kreatívan</li>
</ol>
<p><em>Forrás : Wikipédia</em></p>
<!-- AddThis Advanced Settings generic via filter on the_content --><!-- AddThis Share Buttons generic via filter on the_content -->

<p>Permakultúra A permakultúra az emberi élőhelyek és mezőgazdasági rendszerek olyan kialakítása, mely a természetben zajló ökológiai folyamatokat utánozza, veszi mintául. A rendszer minden egyes elemét annak szükségletei, általa nyújtott hasznok, és alapvető tulajdonságai által összehangoltan illeszti az egészbe. A részek közti szinergia a hulladék, az energia-, valamint az emberi munkaerő szükséglet minimalizálásával valósul meg. Modernkori gyakorlati úttörőjének Sepp Holzer ausztriai gazdálkodót tartják, aki a saját gazdaságát az 1960-as években szervezte meg ezen</p>
<p><a class="more-link" href="https://colibaverde.ro/kucko/permakultura/">Read More</a><!-- AddThis Advanced Settings generic via filter on get_the_excerpt --><!-- AddThis Share Buttons generic via filter on get_the_excerpt --></p>
