{"id":10,"date":"2017-03-03T20:55:28","date_gmt":"2017-03-03T20:55:28","guid":{"rendered":"http:\/\/colibaverde.ro\/kucko\/?page_id=10"},"modified":"2019-11-07T19:07:57","modified_gmt":"2019-11-07T19:07:57","slug":"zold-kucko","status":"publish","type":"page","link":"https:\/\/colibaverde.ro\/kucko\/","title":{"rendered":"R\u00f3lunk"},"content":{"rendered":"\n<div class=\"wp-block-image\"><figure class=\"alignleft is-resized\"><img loading=\"lazy\" decoding=\"async\" src=\"http:\/\/colibaverde.ro\/kucko\/wp-content\/uploads\/sites\/2\/2019\/11\/greenplanet.jpg\" alt=\"\" class=\"wp-image-173\" width=\"338\" height=\"223\" srcset=\"https:\/\/colibaverde.ro\/kucko\/wp-content\/uploads\/sites\/2\/2019\/11\/greenplanet.jpg 820w, https:\/\/colibaverde.ro\/kucko\/wp-content\/uploads\/sites\/2\/2019\/11\/greenplanet-300x198.jpg 300w, https:\/\/colibaverde.ro\/kucko\/wp-content\/uploads\/sites\/2\/2019\/11\/greenplanet-768x508.jpg 768w, https:\/\/colibaverde.ro\/kucko\/wp-content\/uploads\/sites\/2\/2019\/11\/greenplanet-640x423.jpg 640w, https:\/\/colibaverde.ro\/kucko\/wp-content\/uploads\/sites\/2\/2019\/11\/greenplanet-230x152.jpg 230w, https:\/\/colibaverde.ro\/kucko\/wp-content\/uploads\/sites\/2\/2019\/11\/greenplanet-350x231.jpg 350w, https:\/\/colibaverde.ro\/kucko\/wp-content\/uploads\/sites\/2\/2019\/11\/greenplanet-480x317.jpg 480w\" sizes=\"auto, (max-width: 338px) 100vw, 338px\" \/><\/figure><\/div>\n\n\n<p><em>Kedves bar\u00e1taink !<\/em><\/p>\n<p style=\"text-align: center;\"><em>A term\u00e9szet l\u00e1gy \u00f6l\u00e9n \u00e9lve megfigyelt\u00fcnk egy nagyon fontos dolgot: a term\u00e9szetnek megvan a saj\u00e1t ritmusa. N\u00e9k\u00fcnk, embereknek , akik r\u00e9szei vagyunk a term\u00e9szetnek, &nbsp;kell ehhez alkalmazkodni, \u00e9s nem ford\u00edtva. B\u00e1rmilyen beavatkoz\u00e1si k\u00eds\u00e9rlete az EMBERNEK a ritmus megv\u00e1ltoztat\u00e1s\u00e1ba a megfelel\u0151 m\u00e9rt\u00e9kben &#8222;visszafizet\u0151dik&#8221;, k\u00f6vetkez\u00e9sk\u00e9pp ez a weboldal is n\u00f6vekedni \u00e9s fejl\u0151dni fog , ahogyan azt a Term\u00e9szet akarja ! A term\u00e9szet a hib\u00e1ival egy\u00fctt t\u00f6k\u00e9letes! Ez\u00e9rt az lenne a k\u00e9r\u00e9s\u00fcnk , hogy vedd be a &#8222;sz\u00fcks\u00e9ges adagod&#8221; ebb\u0151l a weboldalb\u00f3l, \u00e9s n\u00e9zd el az esetleges hib\u00e1inkat ! A weboldalt folyamatosan \u00e9p\u00edtj\u00fck, s ezt tessz\u00fck mindaddig , am\u00edg sz\u00fcks\u00e9g lesz arra , hogy mindannyian (vagy min\u00e9l t\u00f6bben) r\u00e1j\u00f6jj\u00fcnk: a v\u00e1ltoz\u00e1s bel\u0151l\u00fcnk ered , \u00e9s nem abb\u00f3l , hogy megv\u00e1ltoztatjuk a m\u00e1sikat. \ud83d\ude42<\/em><\/p>\n<p>&nbsp;<\/p>\n<h4><span style=\"color: #008000;\"><em>&nbsp; &nbsp;Isten hozott a &#8222;Kuck\u00f3nkban&#8221;&#8230; &nbsp;a Te &#8222;Kuck\u00f3dban&#8221;!<\/em><\/span><\/h4>\n<p style=\"text-align: center;\"><span style=\"color: #008000;\">A <\/span><strong><span style=\"color: #003300;\"><span style=\"color: #008000;\">&#8222;Z\u00f6ld Kuck\u00f3&#8221;&nbsp;<\/span><\/span><\/strong><span style=\"color: #000000;\">a<\/span><span style=\"color: #003300;\"><span style=\"color: #000000;\"> sz\u00edv\u00fcnkben sz\u00fcletett meg&#8230;csakis j\u00f3 gondolatokkal. Gondoltunk magunkra, r\u00e1tok, a term\u00e9szetre&#8230;csupa j\u00f3 sz\u00e1nd\u00e9kkal minden ir\u00e1nt, ami benn\u00fcnket k\u00f6r\u00fclvesz.<\/span><\/span><\/p>\n<p>&nbsp;<\/p>\n<h4><span style=\"color: #008000;\">&nbsp; <em>Mi\u00e9rt &#8222;Z\u00f6ld Kuck\u00f3&#8221;<\/em><\/span><\/h4>\n<p style=\"text-align: center;\"><span style=\"color: #008000;\">&#8222;Z\u00f6ld Kuck\u00f3&#8221;<span style=\"color: #000000;\"> &#8211; az egyszer\u0171s\u00e9g nagyszer\u0171s\u00e9g\u00e9b\u0151l ad\u00f3d\u00f3an. A j\u00f3l\u00e9thez&#8230;ahhoz, hogy eg\u00e9szs\u00e9ges \u00e9s boldog l\u00e9gy, nincs sz\u00fcks\u00e9ged sokmindenre , nagy-\u00e9s k\u00fcl\u00f6nleges dolgokra. El\u00e9g csup\u00e1n meg\u00e1llnod, \u00e9s n\u00e9zel\u0151dj magad k\u00f6r\u00fcl, l\u00e9gy r\u00e9szese annak , ami k\u00f6r\u00fclvesz.&nbsp;<\/span><\/span><\/p>\n<p style=\"text-align: center;\">Manaps\u00e1g nem l\u00e1tjuk meg , nem \u00e9rt\u00e9kelj\u00fck a benn\u00fcnket k\u00f6r\u00fclvev\u0151 egyszer\u0171 dolgokat , az \u00e1lland\u00f3 hajsza miatt. Ezt a hajh\u00e1sz\u00e1st a jelenlegi t\u00e1rsadalom er\u0151lteti r\u00e1nk. A &#8222;Z\u00f6ld Kuck\u00f3&#8221; c\u00e9lul t\u0171zte ki , hogy megmutassa , az egyszer\u0171 dolgoknak is lehet \u00e9rt\u00e9ke, min\u0151s\u00e9ge &#8230;.boldogs\u00e1got hozhatnak.<\/p>\n<p>&nbsp;<\/p>\n<h4><span style=\"color: #008000;\"><em>&nbsp; Mi a &#8222;Z\u00f6ld Kuck\u00f3&#8221; ?<\/em><\/span><\/h4>\n<p style=\"text-align: center;\"><span style=\"color: #000000;\">A sz\u00edv\u00fcnkben a &#8222;Z\u00f6ld Kuck\u00f3&#8221; t\u00f6bb , mint egy h\u00e1z, ahogyan a t\u00f6bbs\u00e9g l\u00e1t egy h\u00e1zat. Ez egy eg\u00e9szs\u00e9ges, bar\u00e1ts\u00e1gos , meleg otthon. A &#8222;Z\u00f6ld Kuck\u00f3t&#8221; \u00fagy gondoltuk ki, hogy egy j\u00f3 hely legyen a j\u00e1t\u00e9knak, a relax\u00e1l\u00e1s z\u00f3n\u00e1ja lehessen, a cs\u00f6nd o\u00e1zisa, oktat\u00f3 k\u00f6zpont . A <em><span style=\"color: #99cc00;\">Z\u00f6ld Kuck\u00f3,<\/span><\/em> egybev\u00e9ve, lehet otthonoktat\u00e1s, k\u00f6rnyezetk\u00edm\u00e9l\u0151 \u00e9p\u00edtkez\u00e9s, \u00f6nell\u00e1t\u00e1s, eg\u00e9szs\u00e9g, szabads\u00e1g&#8230;.vagy, egyszer\u00fcen az \u00c9LET! Egy hely az EMBEREKNEK. A &#8222;Z\u00f6ld Kuck\u00f3 &#8221; ak\u00e1r egy k\u00f6z\u00f6ss\u00e9g is lehet.<\/span><\/p>\n<p>&nbsp;<\/p>\n<h4><span style=\"color: #008000;\"><em>&nbsp; Kik vagyunk ?<\/em><\/span><\/h4>\n<p style=\"text-align: center;\"><span style=\"color: #000000;\">Bence, Anett , \u00c1d\u00e1m, J\u00e1nos \u00e9s M\u00e1ria (Marika) az els\u0151k vagyunk, akik &#8222;bek\u00f6lt\u00f6ztek&#8221;a &#8222;Z\u00f6ld Kuck\u00f3ba&#8221;. Egy csal\u00e1d (3 gyerekkel), akik hissz\u00fck, hogy az \u00f6nnfenntart\u00f3 \u00e9letm\u00f3d illik hozz\u00e1nk a legjobban. Ahogy fentebb eml\u00edtettem, rem\u00e9lj\u00fck, hogy j\u00f3 sokan lesz\u00fcnk \ud83d\ude42<\/span><\/p>\n<p>&nbsp;<\/p>\n<h4><span style=\"color: #008000;\"><em>&nbsp; R\u00f6vid t\u00f6rt\u00e9nelem \u00e9s j\u00f6v\u0151beli terveink<\/em><\/span><\/h4>\n<p style=\"text-align: center;\"><span style=\"color: #000000;\">A &#8222;Z\u00f6ld Kuck\u00f3 &#8221; terve &nbsp;a 2015-\u00f6s \u00e9v v\u00e9g\u00e9n sz\u00fcletett, amikor el\u0151sz\u00f6r tal\u00e1lkoztunk a csod\u00e1latos telekkel, amely \u00faj horizontokat nyitott meg el\u0151tt\u00fcnk.<\/span><\/p>\n<p style=\"text-align: center;\">A 2016-os \u00e9v &nbsp;a beilleszked\u00e9s \u00e9ve volt. ebben az \u00e9vben csup\u00e1n megfigyelt\u00fck a term\u00e9szetet ( a Napot, a vizet, a szelet), az \u00e1llatokat, az embereket , a k\u00f6rny\u00e9ket, stb. Ez volt az az \u00e9v, amikor apr\u00f3l\u00e9kosan megtervezt\u00fck a k\u00f6vetkez\u0151 l\u00e9p\u00e9seket.<\/p>\n<p style=\"text-align: center;\">Id\u00e9n (2017) hozz\u00e1l\u00e1tunk a t\u00e9nyleges tev\u00e9kenys\u00e9gekhez: kert\u00e9szked\u00e9s (hagyom\u00e1nyos \u00e9s permakult\u00fara) , \u00e9p\u00edtkez\u00e9s ( nagy hangs\u00falyt fektet\u00fcnk a megl\u00e9v\u0151 h\u00e1z fel\u00faj\u00edt\u00e1s\u00e1sra, hat\u00e9konny\u00e1 t\u00e9tel\u00e9re, valamint n\u00e9h\u00e1ny mell\u00e9k\u00e9p\u00fclet elk\u00e9sz\u00edt\u00e9s\u00e9re), d nem feledkez\u00fcnk meg a veletek val\u00f3 tal\u00e1lkoz\u00e1sokr\u00f3l sem ( m\u0171helyek, t\u00e1borok, \u00f6nk\u00e9ntesek, relax\u00e1l\u00e1s, j\u00e1t\u00e9k).<\/p><!-- AddThis Advanced Settings generic via filter on the_content --><!-- AddThis Share Buttons generic via filter on the_content -->","protected":false},"excerpt":{"rendered":"<p>Kedves bar\u00e1taink ! A term\u00e9szet l\u00e1gy \u00f6l\u00e9n \u00e9lve megfigyelt\u00fcnk egy nagyon fontos dolgot: a term\u00e9szetnek megvan a saj\u00e1t ritmusa. N\u00e9k\u00fcnk, embereknek , akik r\u00e9szei vagyunk a term\u00e9szetnek, &nbsp;kell ehhez alkalmazkodni, \u00e9s nem ford\u00edtva. B\u00e1rmilyen beavatkoz\u00e1si k\u00eds\u00e9rlete az EMBERNEK a ritmus megv\u00e1ltoztat\u00e1s\u00e1ba a megfelel\u0151 m\u00e9rt\u00e9kben &#8222;visszafizet\u0151dik&#8221;, k\u00f6vetkez\u00e9sk\u00e9pp ez a weboldal is n\u00f6vekedni \u00e9s fejl\u0151dni fog , ahogyan azt a Term\u00e9szet akarja<\/p>\n<p><a class=\"more-link\" href=\"https:\/\/colibaverde.ro\/kucko\/\">Read More<\/a><!-- AddThis Advanced Settings generic via filter on get_the_excerpt --><!-- AddThis Share Buttons generic via filter on get_the_excerpt --><\/p>\n","protected":false},"author":1,"featured_media":224,"parent":0,"menu_order":1,"comment_status":"closed","ping_status":"closed","template":"","meta":{"ngg_post_thumbnail":0,"footnotes":""},"class_list":["post-10","page","type-page","status-publish","has-post-thumbnail","hentry"],"jetpack_sharing_enabled":true,"_links":{"self":[{"href":"https:\/\/colibaverde.ro\/kucko\/wp-json\/wp\/v2\/pages\/10","targetHints":{"allow":["GET"]}}],"collection":[{"href":"https:\/\/colibaverde.ro\/kucko\/wp-json\/wp\/v2\/pages"}],"about":[{"href":"https:\/\/colibaverde.ro\/kucko\/wp-json\/wp\/v2\/types\/page"}],"author":[{"embeddable":true,"href":"https:\/\/colibaverde.ro\/kucko\/wp-json\/wp\/v2\/users\/1"}],"replies":[{"embeddable":true,"href":"https:\/\/colibaverde.ro\/kucko\/wp-json\/wp\/v2\/comments?post=10"}],"version-history":[{"count":5,"href":"https:\/\/colibaverde.ro\/kucko\/wp-json\/wp\/v2\/pages\/10\/revisions"}],"predecessor-version":[{"id":225,"href":"https:\/\/colibaverde.ro\/kucko\/wp-json\/wp\/v2\/pages\/10\/revisions\/225"}],"wp:featuredmedia":[{"embeddable":true,"href":"https:\/\/colibaverde.ro\/kucko\/wp-json\/wp\/v2\/media\/224"}],"wp:attachment":[{"href":"https:\/\/colibaverde.ro\/kucko\/wp-json\/wp\/v2\/media?parent=10"}],"curies":[{"name":"wp","href":"https:\/\/api.w.org\/{rel}","templated":true}]}}

Rólunk

<div class="wp-block-image"><figure class="alignleft is-resized"><img loading="lazy" decoding="async" src="http://colibaverde.ro/kucko/wp-content/uploads/sites/2/2019/11/greenplanet.jpg" alt="" class="wp-image-173" width="338" height="223" srcset="https://colibaverde.ro/kucko/wp-content/uploads/sites/2/2019/11/greenplanet.jpg 820w, https://colibaverde.ro/kucko/wp-content/uploads/sites/2/2019/11/greenplanet-300x198.jpg 300w, https://colibaverde.ro/kucko/wp-content/uploads/sites/2/2019/11/greenplanet-768x508.jpg 768w, https://colibaverde.ro/kucko/wp-content/uploads/sites/2/2019/11/greenplanet-640x423.jpg 640w, https://colibaverde.ro/kucko/wp-content/uploads/sites/2/2019/11/greenplanet-230x152.jpg 230w, https://colibaverde.ro/kucko/wp-content/uploads/sites/2/2019/11/greenplanet-350x231.jpg 350w, https://colibaverde.ro/kucko/wp-content/uploads/sites/2/2019/11/greenplanet-480x317.jpg 480w" sizes="auto, (max-width: 338px) 100vw, 338px" /></figure></div>


<p><em>Kedves barátaink !</em></p>
<p style="text-align: center;"><em>A természet lágy ölén élve megfigyeltünk egy nagyon fontos dolgot: a természetnek megvan a saját ritmusa. Nékünk, embereknek , akik részei vagyunk a természetnek, &nbsp;kell ehhez alkalmazkodni, és nem fordítva. Bármilyen beavatkozási kísérlete az EMBERNEK a ritmus megváltoztatásába a megfelelő mértékben &#8222;visszafizetődik&#8221;, következésképp ez a weboldal is növekedni és fejlődni fog , ahogyan azt a Természet akarja ! A természet a hibáival együtt tökéletes! Ezért az lenne a kérésünk , hogy vedd be a &#8222;szükséges adagod&#8221; ebből a weboldalból, és nézd el az esetleges hibáinkat ! A weboldalt folyamatosan építjük, s ezt tesszük mindaddig , amíg szükség lesz arra , hogy mindannyian (vagy minél többen) rájöjjünk: a változás belőlünk ered , és nem abból , hogy megváltoztatjuk a másikat. 🙂</em></p>
<p>&nbsp;</p>
<h4><span style="color: #008000;"><em>&nbsp; &nbsp;Isten hozott a &#8222;Kuckónkban&#8221;&#8230; &nbsp;a Te &#8222;Kuckódban&#8221;!</em></span></h4>
<p style="text-align: center;"><span style="color: #008000;">A </span><strong><span style="color: #003300;"><span style="color: #008000;">&#8222;Zöld Kuckó&#8221;&nbsp;</span></span></strong><span style="color: #000000;">a</span><span style="color: #003300;"><span style="color: #000000;"> szívünkben született meg&#8230;csakis jó gondolatokkal. Gondoltunk magunkra, rátok, a természetre&#8230;csupa jó szándékkal minden iránt, ami bennünket körülvesz.</span></span></p>
<p>&nbsp;</p>
<h4><span style="color: #008000;">&nbsp; <em>Miért &#8222;Zöld Kuckó&#8221;</em></span></h4>
<p style="text-align: center;"><span style="color: #008000;">&#8222;Zöld Kuckó&#8221;<span style="color: #000000;"> &#8211; az egyszerűség nagyszerűségéből adódóan. A jóléthez&#8230;ahhoz, hogy egészséges és boldog légy, nincs szükséged sokmindenre , nagy-és különleges dolgokra. Elég csupán megállnod, és nézelődj magad körül, légy részese annak , ami körülvesz.&nbsp;</span></span></p>
<p style="text-align: center;">Manapság nem látjuk meg , nem értékeljük a bennünket körülvevő egyszerű dolgokat , az állandó hajsza miatt. Ezt a hajhászást a jelenlegi társadalom erőlteti ránk. A &#8222;Zöld Kuckó&#8221; célul tűzte ki , hogy megmutassa , az egyszerű dolgoknak is lehet értéke, minősége &#8230;.boldogságot hozhatnak.</p>
<p>&nbsp;</p>
<h4><span style="color: #008000;"><em>&nbsp; Mi a &#8222;Zöld Kuckó&#8221; ?</em></span></h4>
<p style="text-align: center;"><span style="color: #000000;">A szívünkben a &#8222;Zöld Kuckó&#8221; több , mint egy ház, ahogyan a többség lát egy házat. Ez egy egészséges, barátságos , meleg otthon. A &#8222;Zöld Kuckót&#8221; úgy gondoltuk ki, hogy egy jó hely legyen a játéknak, a relaxálás zónája lehessen, a csönd oázisa, oktató központ . A <em><span style="color: #99cc00;">Zöld Kuckó,</span></em> egybevéve, lehet otthonoktatás, környezetkímélő építkezés, önellátás, egészség, szabadság&#8230;.vagy, egyszerüen az ÉLET! Egy hely az EMBEREKNEK. A &#8222;Zöld Kuckó &#8221; akár egy közösség is lehet.</span></p>
<p>&nbsp;</p>
<h4><span style="color: #008000;"><em>&nbsp; Kik vagyunk ?</em></span></h4>
<p style="text-align: center;"><span style="color: #000000;">Bence, Anett , Ádám, János és Mária (Marika) az elsők vagyunk, akik &#8222;beköltöztek&#8221;a &#8222;Zöld Kuckóba&#8221;. Egy család (3 gyerekkel), akik hisszük, hogy az önnfenntartó életmód illik hozzánk a legjobban. Ahogy fentebb említettem, reméljük, hogy jó sokan leszünk 🙂</span></p>
<p>&nbsp;</p>
<h4><span style="color: #008000;"><em>&nbsp; Rövid történelem és jövőbeli terveink</em></span></h4>
<p style="text-align: center;"><span style="color: #000000;">A &#8222;Zöld Kuckó &#8221; terve &nbsp;a 2015-ös év végén született, amikor először találkoztunk a csodálatos telekkel, amely új horizontokat nyitott meg előttünk.</span></p>
<p style="text-align: center;">A 2016-os év &nbsp;a beilleszkedés éve volt. ebben az évben csupán megfigyeltük a természetet ( a Napot, a vizet, a szelet), az állatokat, az embereket , a környéket, stb. Ez volt az az év, amikor aprólékosan megterveztük a következő lépéseket.</p>
<p style="text-align: center;">Idén (2017) hozzálátunk a tényleges tevékenységekhez: kertészkedés (hagyományos és permakultúra) , építkezés ( nagy hangsúlyt fektetünk a meglévő ház felújításásra, hatékonnyá tételére, valamint néhány melléképület elkészítésére), d nem feledkezünk meg a veletek való találkozásokról sem ( műhelyek, táborok, önkéntesek, relaxálás, játék).</p><!-- AddThis Advanced Settings generic via filter on the_content --><!-- AddThis Share Buttons generic via filter on the_content -->

<p>Kedves barátaink ! A természet lágy ölén élve megfigyeltünk egy nagyon fontos dolgot: a természetnek megvan a saját ritmusa. Nékünk, embereknek , akik részei vagyunk a természetnek, &nbsp;kell ehhez alkalmazkodni, és nem fordítva. Bármilyen beavatkozási kísérlete az EMBERNEK a ritmus megváltoztatásába a megfelelő mértékben &#8222;visszafizetődik&#8221;, következésképp ez a weboldal is növekedni és fejlődni fog , ahogyan azt a Természet akarja</p>
<p><a class="more-link" href="https://colibaverde.ro/kucko/">Read More</a><!-- AddThis Advanced Settings generic via filter on get_the_excerpt --><!-- AddThis Share Buttons generic via filter on get_the_excerpt --></p>
